e remainder when 55144 is divided by 131?
124
Calculate the remainder when 7278 is divided by 262.
204
Calculate the remainder when 2696 is divided by 515.
121
Calculate the remainder when 16092 is divided by 121.
120
Calculate the remainder when 900647 is divided by 126.
125
What is the remainder when 1003 is divided by 985?
18
What is the remainder when 417077 is divided by 1048?
1021
Calculate the remainder when 32343 is divided by 647.
640
Calculate the remainder when 58168 is divided by 30.
28
Calculate the remainder when 296885 is divided by 359.
351
What is the remainder when 2948 is divided by 969?
41
What is the remainder when 239 is divided by 62?
53
Calculate the remainder when 84733 is divided by 91.
12
What is the remainder when 8040 is divided by 2496?
552
What is the remainder when 4021 is divided by 126?
115
What is the remainder when 1479727 is divided by 1586?
1575
Calculate the remainder when 1429 is divided by 141.
19
What is the remainder when 1274 is divided by 128?
122
What is the remainder when 11601 is divided by 1024?
337
What is the remainder when 27348 is divided by 943?
1
Calculate the remainder when 275882 is divided by 554.
544
What is the remainder when 3438 is divided by 27?
9
What is the remainder when 58374 is divided by 402?
84
What is the remainder when 3179 is divided by 766?
115
What is the remainder when 39793 is divided by 5?
3
Calculate the remainder when 12344 is divided by 190.
184
Calculate the remainder when 2728 is divided by 678.
16
Calculate the remainder when 9985083 is divided by 11.
9
What is the remainder when 10030 is divided by 108?
94
What is the remainder when 12661 is divided by 844?
1
Calculate the remainder when 31750 is divided by 32.
6
Calculate the remainder when 287566 is divided by 23.
20
Calculate the remainder when 1449 is divided by 178.
25
Calculate the remainder when 1370075 is divided by 585.
5
What is the remainder when 370228 is divided by 39?
1
Calculate the remainder when 230947 is divided by 6.
1
Calculate the remainder when 46902 is divided by 46887.
15
What is the remainder when 11367 is divided by 616?
279
What is the remainder when 33594 is divided by 420?
414
Calculate the remainder when 24057 is divided by 4004.
33
What is the remainder when 66988 is divided by 105?
103
Calculate the remainder when 6814 is divided by 756.
10
What is the remainder when 857 is divided by 145?
132
What is the remainder when 110242 is divided by 28?
6
Calculate the remainder when 11434 is divided by 266.
262
Calculate the remainder when 50092 is divided by 6.
4
Calculate the remainder when 48976 is divided by 502.
282
What is the remainder when 9979 is divided by 2492?
11
What is the remainder when 809027 is divided by 198?
197
Calculate the remainder when 17879 is divided by 153.
131
Calculate the remainder when 221 is divided by 159.
62
Calculate the remainder when 256 is divided by 27.
13
What is the remainder when 27838 is divided by 160?
158
What is the remainder when 53557 is divided by 17842?
31
What is the remainder when 24171 is divided by 13?
4
Calculate the remainder when 150795 is divided by 50256.
27
What is the remainder when 123241 is divided by 2678?
53
What is the remainder when 8270 is divided by 4100?
70
Calculate the remainder when 52474 is divided by 1050.
1024
Calculate the remainder when 212319 is divided by 58.
39
Calculate the remainder when 1133 is divided by 695.
438
What is the remainder when 84683 is divided by 2490?
23
Calculate the remainder when 67994 is divided by 15.
14
Calculate the remainder when 75966 is divided by 13.
7
Calculate the remainder when 2567 is divided by 1268.
31
Calculate the remainder when 7163 is divided by 6900.
263
What is the remainder when 11335 is divided by 1258?
13
Calculate the remainder when 16109 is divided by 374.
27
What is the remainder when 2921 is divided by 2183?
738
What is the remainder when 10608 is divided by 183?
177
What is the remainder when 7044 is divided by 153?
6
What is the remainder when 76671 is divided by 1299?
30
What is the remainder when 2043 is divided by 487?
95
What is the remainder when 4183 is divided by 1380?
43
What is the remainder when 6641 is divided by 472?
33
Calculate the remainder when 2060 is divided by 1484.
576
What is the remainder when 49536 is divided by 173?
58
Calculate the remainder when 10349 is divided by 115.
114
Calculate the remainder when 55426 is divided by 203.
7
Calculate the remainder when 11575 is divided by 500.
75
What is the remainder when 26864 is divided by 159?
152
Calculate the remainder when 79522 is divided by 39726.
70
What is the remainder when 8899 is divided by 68?
59
Calculate the remainder when 2363 is divided by 2288.
75
Calculate the remainder when 1373 is divided by 16.
13
Calculate the remainder when 14181 is divided by 7076.
29
What is the remainder when 14359 is divided by 1096?
111
Calculate the remainder when 2286 is divided by 8.
6
What is the remainder when 336299 is divided by 22?
7
Calculate the remainder when 2175 is divided by 339.
141
Calculate the remainder when 84012 is divided by 3230.
32
Calculate the remainder when 68632 is divided by 246.
244
What is the remainder when 19587 is divided by 4887?
39
Calculate the remainder when 152742 is divided by 244.
242
Calculate the remainder when 33007 is divided by 15.
7
Calculate the remainder when 17581 is divided by 1595.
36
What is the remainder when 25571 is divided by 155?
151
What is the remainder when 2243 is divided by 555?
23
What is the remainder when 17586 is divided by 33?
30
What is the remainder when 884 is divided by 12?
8
Calculate the remainder when 39274 is divided by 327.
34
Calculate the remainder when 4156 is divided by 160.
156
What is the remainder when 51152 is divided by 65?
62
What is the remainder when 6237 is divided by 689?
36
What is the remainder when 1342 is divided by 167?
6
What is the remainder when 1256700 is divided by 1049?
1047
Calculate the remainder when 7170 is divided by 64.
2
What is the remainder when 1198 is divided by 5?
3
What is the remainder when 48 is divided by 29?
19
What is the remainder when 35681 is divided by 401?
393
Calculate the remainder when 5763 is divided by 339.
0
What is the remainder when 371544 is divided by 44?
8
What is the remainder when 5879 is divided by 5864?
15
Calculate the remainder when 426499 is divided by 250.
249
Calculate the remainder when 2797768 is divided by 11373.
10
Calculate the remainder when 86970 is divided by 277.
269
Calculate the remainder when 1138775 is divided by 17.
13
What is the remainder when 4550 is divided by 971?
666
Calculate the remainder when 33797 is divided by 8.
5
Calculate the remainder when 295201 is divided by 2288.
49
Calculate the remainder when 24766 is divided by 31.
28
Calculate the remainder when 21578 is divided by 10121.
1336
Calculate the remainder when 399713 is divided by 69.
65
Calculate the remainder when 27228 is divided by 37.
33
What is the remainder when 168370 is divided by 1439?
7
What is the remainder when 114023 is divided by 781?
778
What is the remainder when 11597 is divided by 539?
278
Calculate the remainder when 4339 is divided by 68.
55
Calculate the remainder when 164065 is divided by 54684.
13
What is the remainder when 135517 is divided by 28?
25
Calculate the remainder when 16690 is divided by 96.
82
Calculate the remainder when 53762 is divided by 235.
182
What is the remainder when 40414 is divided by 1005?
214
Calculate the remainder when 44869 is divided by 120.
109
Calculate the remainder when 2197 is divided by 235.
82
Calculate the remainder when 8043 is divided by 734.
703
Calculate the remainder when 123 is divided by 54.
15
Calculate the remainder when 20092 is divided by 186.
4
Calculate the remainder when 6320 is divided by 3057.
206
What is the remainder when 7976 is divided by 1591?
21
Calculate the remainder when 813844 is divided by 26253.
1
Calculate the remainder when 24509 is divided by 258.
257
Calculate the remainder when 2539 is divided by 318.
313
What is the remainder when 5648 is divided by 111?
98
What is the remainder when 209337 is divided by 11?
7
What is the remainder when 13490 is divided by 459?
179
Calculate 